{"id":22,"date":"2020-10-19T09:20:50","date_gmt":"2020-10-19T09:20:50","guid":{"rendered":"http:\/\/armaserv.de\/?page_id=22"},"modified":"2020-10-19T09:33:48","modified_gmt":"2020-10-19T09:33:48","slug":"ueber-uns","status":"publish","type":"page","link":"https:\/\/armaserv.de\/?page_id=22","title":{"rendered":"\u00dcber uns"},"content":{"rendered":"\n<p>Beheimatet im s\u00fcddeutschen Raum k\u00fcmmern wir uns nicht nur deutschlandweit um die Regel- und Absperrarmaturen unserer Kundschaft.<br>Irland, Italien, die Niederlande, die Schweiz oder auch \u00d6sterreich geh\u00f6ren zum erweiterten Einzugsgebiet.<\/p>\n\n\n\n<p>Gegr\u00fcndet w\u00fcrde das Unternehmen von Jens Kr\u00fcger im Jahr 2010, der Gro\u00dfteil des Umsatzes entf\u00e4llt auf Reparaturen und Wartungen vor Ort.<br>Reparaturen und Komplett-\u00dcberholungen von Industriearmaturen in der eigenen Werkstatt geh\u00f6ren ebenso zu unserem Leistungsspektrum.<\/p>\n\n\n\n<p>Umfassendes Know-how und durchdachter Service gew\u00e4hrleisten individuelle Probleml\u00f6sungen auf h\u00f6chstem Niveau.<br>Die Kompetenz und mehr als 10-j\u00e4hriges Fachwissen sind die Voraussetzungen einer qualifizierten Serviceleistung und bilden die Grundlage f\u00fcr langj\u00e4hrige Kundenbeziehungen.<\/p>\n","protected":false},"excerpt":{"rendered":"<p>Beheimatet im s\u00fcddeutschen Raum k\u00fcmmern wir uns nicht nur deutschlandweit um die Regel- und Absperrarmaturen unserer Kundschaft.Irland, Italien, die Niederlande, die Schweiz oder auch \u00d6sterreich geh\u00f6ren zum erweiterten Einzugsgebiet. Gegr\u00fcndet w\u00fcrde das Unternehmen von Jens Kr\u00fcger im Jahr 2010, der Gro\u00dfteil des Umsatzes entf\u00e4llt auf Reparaturen und Wartungen vor Ort.Reparaturen und Komplett-\u00dcberholungen von Industriearmaturen in &hellip; <\/p>\n<p class=\"link-more\"><a href=\"https:\/\/armaserv.de\/?page_id=22\" class=\"more-link\"><span class=\"screen-reader-text\">\u201e\u00dcber uns\u201c<\/span> weiterlesen<\/a><\/p>\n","protected":false},"author":1,"featured_media":0,"parent":0,"menu_order":0,"comment_status":"closed","ping_status":"closed","template":"","meta":[],"yoast_head":"<!-- This site is optimized with the Yoast SEO plugin v19.14 - https:\/\/yoast.com\/wordpress\/plugins\/seo\/ -->\n<title>\u00dcber uns | Armaturenservice Jens Kr\u00fcger<\/title>\n<meta name=\"robots\" content=\"index, follow, max-snippet:-1, max-image-preview:large, max-video-preview:-1\" \/>\n<link rel=\"canonical\" href=\"https:\/\/armaserv.de\/?page_id=22\" \/>\n<meta property=\"og:locale\" content=\"de_DE\" \/>\n<meta property=\"og:type\" content=\"article\" \/>\n<meta property=\"og:title\" content=\"\u00dcber uns | Armaturenservice Jens Kr\u00fcger\" \/>\n<meta property=\"og:description\" content=\"Beheimatet im s\u00fcddeutschen Raum k\u00fcmmern wir uns nicht nur deutschlandweit um die Regel- und Absperrarmaturen unserer Kundschaft.Irland, Italien, die Niederlande, die Schweiz oder auch \u00d6sterreich geh\u00f6ren zum erweiterten Einzugsgebiet. Gegr\u00fcndet w\u00fcrde das Unternehmen von Jens Kr\u00fcger im Jahr 2010, der Gro\u00dfteil des Umsatzes entf\u00e4llt auf Reparaturen und Wartungen vor Ort.Reparaturen und Komplett-\u00dcberholungen von Industriearmaturen in &hellip; \u201e\u00dcber uns\u201c weiterlesen\" \/>\n<meta property=\"og:url\" content=\"https:\/\/armaserv.de\/?page_id=22\" \/>\n<meta property=\"og:site_name\" content=\"Armaturenservice Jens Kr\u00fcger\" \/>\n<meta property=\"article:publisher\" content=\"https:\/\/www.facebook.com\/pages\/category\/Business-Service\/Armaturenservice-Jens-Kr%c3%bcger-Armaserv-109305729146673\/\" \/>\n<meta property=\"article:modified_time\" content=\"2020-10-19T09:33:48+00:00\" \/>\n<meta name=\"twitter:card\" content=\"summary_large_image\" \/>\n<meta name=\"twitter:label1\" content=\"Gesch\u00e4tzte Lesezeit\" \/>\n\t<meta name=\"twitter:data1\" content=\"1\u00a0Minute\" \/>\n<script type=\"application\/ld+json\" class=\"yoast-schema-graph\">{\"@context\":\"https:\/\/schema.org\",\"@graph\":[{\"@type\":\"WebPage\",\"@id\":\"https:\/\/armaserv.de\/?page_id=22\",\"url\":\"https:\/\/armaserv.de\/?page_id=22\",\"name\":\"\u00dcber uns | Armaturenservice Jens Kr\u00fcger\",\"isPartOf\":{\"@id\":\"https:\/\/armaserv.de\/#website\"},\"datePublished\":\"2020-10-19T09:20:50+00:00\",\"dateModified\":\"2020-10-19T09:33:48+00:00\",\"breadcrumb\":{\"@id\":\"https:\/\/armaserv.de\/?page_id=22#breadcrumb\"},\"inLanguage\":\"de\",\"potentialAction\":[{\"@type\":\"ReadAction\",\"target\":[\"https:\/\/armaserv.de\/?page_id=22\"]}]},{\"@type\":\"BreadcrumbList\",\"@id\":\"https:\/\/armaserv.de\/?page_id=22#breadcrumb\",\"itemListElement\":[{\"@type\":\"ListItem\",\"position\":1,\"name\":\"Startseite\",\"item\":\"https:\/\/armaserv.de\/\"},{\"@type\":\"ListItem\",\"position\":2,\"name\":\"\u00dcber uns\"}]},{\"@type\":\"WebSite\",\"@id\":\"https:\/\/armaserv.de\/#website\",\"url\":\"https:\/\/armaserv.de\/\",\"name\":\"Armaturenservice Jens Kr\u00fcger\",\"description\":\"Kontrolle \/ Wartung \/ Reparatur \/ Neubeschaffung von Industriearmaturen\",\"publisher\":{\"@id\":\"https:\/\/armaserv.de\/#organization\"},\"potentialAction\":[{\"@type\":\"SearchAction\",\"target\":{\"@type\":\"EntryPoint\",\"urlTemplate\":\"https:\/\/armaserv.de\/?s={search_term_string}\"},\"query-input\":\"required name=search_term_string\"}],\"inLanguage\":\"de\"},{\"@type\":\"Organization\",\"@id\":\"https:\/\/armaserv.de\/#organization\",\"name\":\"Armaturenservice Jens Kr\u00fcger\",\"url\":\"https:\/\/armaserv.de\/\",\"logo\":{\"@type\":\"ImageObject\",\"inLanguage\":\"de\",\"@id\":\"https:\/\/armaserv.de\/#\/schema\/logo\/image\/\",\"url\":\"https:\/\/armaserv.de\/wp-content\/uploads\/2018\/08\/ARMASERV-Logo-oT_50.jpg\",\"contentUrl\":\"https:\/\/armaserv.de\/wp-content\/uploads\/2018\/08\/ARMASERV-Logo-oT_50.jpg\",\"width\":590,\"height\":166,\"caption\":\"Armaturenservice Jens Kr\u00fcger\"},\"image\":{\"@id\":\"https:\/\/armaserv.de\/#\/schema\/logo\/image\/\"},\"sameAs\":[\"https:\/\/www.facebook.com\/pages\/category\/Business-Service\/Armaturenservice-Jens-Kr\u00fcger-Armaserv-109305729146673\/\"]}]}<\/script>\n<!-- \/ Yoast SEO plugin. -->","yoast_head_json":{"title":"\u00dcber uns | Armaturenservice Jens Kr\u00fcger","robots":{"index":"index","follow":"follow","max-snippet":"max-snippet:-1","max-image-preview":"max-image-preview:large","max-video-preview":"max-video-preview:-1"},"canonical":"https:\/\/armaserv.de\/?page_id=22","og_locale":"de_DE","og_type":"article","og_title":"\u00dcber uns | Armaturenservice Jens Kr\u00fcger","og_description":"Beheimatet im s\u00fcddeutschen Raum k\u00fcmmern wir uns nicht nur deutschlandweit um die Regel- und Absperrarmaturen unserer Kundschaft.Irland, Italien, die Niederlande, die Schweiz oder auch \u00d6sterreich geh\u00f6ren zum erweiterten Einzugsgebiet. Gegr\u00fcndet w\u00fcrde das Unternehmen von Jens Kr\u00fcger im Jahr 2010, der Gro\u00dfteil des Umsatzes entf\u00e4llt auf Reparaturen und Wartungen vor Ort.Reparaturen und Komplett-\u00dcberholungen von Industriearmaturen in &hellip; \u201e\u00dcber uns\u201c weiterlesen","og_url":"https:\/\/armaserv.de\/?page_id=22","og_site_name":"Armaturenservice Jens Kr\u00fcger","article_publisher":"https:\/\/www.facebook.com\/pages\/category\/Business-Service\/Armaturenservice-Jens-Kr%c3%bcger-Armaserv-109305729146673\/","article_modified_time":"2020-10-19T09:33:48+00:00","twitter_card":"summary_large_image","twitter_misc":{"Gesch\u00e4tzte Lesezeit":"1\u00a0Minute"},"schema":{"@context":"https:\/\/schema.org","@graph":[{"@type":"WebPage","@id":"https:\/\/armaserv.de\/?page_id=22","url":"https:\/\/armaserv.de\/?page_id=22","name":"\u00dcber uns | Armaturenservice Jens Kr\u00fcger","isPartOf":{"@id":"https:\/\/armaserv.de\/#website"},"datePublished":"2020-10-19T09:20:50+00:00","dateModified":"2020-10-19T09:33:48+00:00","breadcrumb":{"@id":"https:\/\/armaserv.de\/?page_id=22#breadcrumb"},"inLanguage":"de","potentialAction":[{"@type":"ReadAction","target":["https:\/\/armaserv.de\/?page_id=22"]}]},{"@type":"BreadcrumbList","@id":"https:\/\/armaserv.de\/?page_id=22#breadcrumb","itemListElement":[{"@type":"ListItem","position":1,"name":"Startseite","item":"https:\/\/armaserv.de\/"},{"@type":"ListItem","position":2,"name":"\u00dcber uns"}]},{"@type":"WebSite","@id":"https:\/\/armaserv.de\/#website","url":"https:\/\/armaserv.de\/","name":"Armaturenservice Jens Kr\u00fcger","description":"Kontrolle \/ Wartung \/ Reparatur \/ Neubeschaffung von Industriearmaturen","publisher":{"@id":"https:\/\/armaserv.de\/#organization"},"potentialAction":[{"@type":"SearchAction","target":{"@type":"EntryPoint","urlTemplate":"https:\/\/armaserv.de\/?s={search_term_string}"},"query-input":"required name=search_term_string"}],"inLanguage":"de"},{"@type":"Organization","@id":"https:\/\/armaserv.de\/#organization","name":"Armaturenservice Jens Kr\u00fcger","url":"https:\/\/armaserv.de\/","logo":{"@type":"ImageObject","inLanguage":"de","@id":"https:\/\/armaserv.de\/#\/schema\/logo\/image\/","url":"https:\/\/armaserv.de\/wp-content\/uploads\/2018\/08\/ARMASERV-Logo-oT_50.jpg","contentUrl":"https:\/\/armaserv.de\/wp-content\/uploads\/2018\/08\/ARMASERV-Logo-oT_50.jpg","width":590,"height":166,"caption":"Armaturenservice Jens Kr\u00fcger"},"image":{"@id":"https:\/\/armaserv.de\/#\/schema\/logo\/image\/"},"sameAs":["https:\/\/www.facebook.com\/pages\/category\/Business-Service\/Armaturenservice-Jens-Kr\u00fcger-Armaserv-109305729146673\/"]}]}},"_links":{"self":[{"href":"https:\/\/armaserv.de\/index.php?rest_route=\/wp\/v2\/pages\/22"}],"collection":[{"href":"https:\/\/armaserv.de\/index.php?rest_route=\/wp\/v2\/pages"}],"about":[{"href":"https:\/\/armaserv.de\/index.php?rest_route=\/wp\/v2\/types\/page"}],"author":[{"embeddable":true,"href":"https:\/\/armaserv.de\/index.php?rest_route=\/wp\/v2\/users\/1"}],"replies":[{"embeddable":true,"href":"https:\/\/armaserv.de\/index.php?rest_route=%2Fwp%2Fv2%2Fcomments&post=22"}],"version-history":[{"count":2,"href":"https:\/\/armaserv.de\/index.php?rest_route=\/wp\/v2\/pages\/22\/revisions"}],"predecessor-version":[{"id":40,"href":"https:\/\/armaserv.de\/index.php?rest_route=\/wp\/v2\/pages\/22\/revisions\/40"}],"wp:attachment":[{"href":"https:\/\/armaserv.de\/index.php?rest_route=%2Fwp%2Fv2%2Fmedia&parent=22"}],"curies":[{"name":"wp","href":"https:\/\/api.w.org\/{rel}","templated":true}]}}